-2 + -6)*g/(-8). Determine p(x).
8
Let p(a) = -4*a**2 - 2*a. Let m(b) = 5*b**2 + 3*b - 1. Let v(d) = -5*m(d) - 6*p(d). Let t(h) = 2*h**2 - 21*h - 70. Let z be t(13). Determine v(z).
-5
Let j(r) = 7*r**2 - 8*r. Let q(u) = u**2 - u - 1. Let x(z) = -j(z) + 4*q(z). Determine x(3).
-19
Let v(d) = -d - 2 + 0 + 1 - 3. Let u be v(0). Let y(a) = 3 + a + 2*a + 1. What is y(u)?
-8
Let r(h) be the first derivative of -h**3/3 + 8*h - 2. Suppose 2*w - 3 = w. Suppose 2 = -2*k - 2*y, -4*k = -3*k - w*y - 3. What is r(k)?
8
Let o(h) be the first derivative of -h**2 - 15*h + 1. Let t be o(-10). Let n(l) = -t*l - l**2 - 2*l**2 + 2*l**2 - 1. Determine n(-4).
3
Let s(g) = -20*g + 3. Let u be s(-1). Let c(z) = -z**3 + 5*z**2 + 2*z - 2. Let p be c(5). Suppose d = -2*h - p, 6*h + u = h - d. Let b(o) = 2*o + 4. Give b(h).
-6
Let p(l) be the third derivative of l**5/60 - 7*l**4/24 + 4*l**3/3 - 36*l**2. Calculate p(7).
8
Let d(u) = u**2 - 2*u - 6. Let w be d(4). Let q(m) = 0*m**3 + 0 - w + m**3 + 5 - m. What is q(0)?
3
Let y(n) = 3*n**2 - 2*n - 1. Suppose -4*u - 10 = -4*g - g, 0 = -3*u. Determine y(g).
7
Let y(o) be the third derivative of -3*o**2 + o**3 - 5/24*o**4 + 0*o - 1/120*o**6 + 0 + 1/12*o**5. Determine y(4).
2
Let k(o) = -o**2 + o - 2*o + 4*o - 2*o. What is k(0)?
0
Let j(t) be the first derivative of -t**4/4 - 4*t**3/3 + 5*t**2/2 + 6*t - 1. What is j(-5)?
6
Let f = -8 + 8. Let g(u) = -5*u + 1. Let s(l) = 6*l. Let o(n) = 5*g(n) + 4*s(n). What is o(f)?
5
Suppose -2*b = 2*o + 12, -5*o - 6*b + 2*b - 31 = 0. Let l(r) = -r**3 - 6*r**2 + 5*r - 5. Determine l(o).
9
Let b(p) = p**2 + p - 6. Let x = -2 + 2. Give b(x).
-6
Let u be 74/10 + (-10)/25 - 2. Let r(h) = h**2 - 4*h - 4. Give r(u).
1
Let q(t) = t**3 - t**2 - 4*t - 1. Suppose -v = -2*v + 3. Give q(v).
5
Let v(j) = j**2 - 2*j - 3. Let g(p) = p**2 + 5*p - 4. Let k be g(-4). Let s be (k/(-5))/(2/5). What is v(s)?
5
Let p(j) = -4 + 0 + 2 + 4*j - 2. Let r(a) = -4*a + 3. Let d(n) = -4*p(n) - 5*r(n). Determine d(-2).
-7
Let y(m) = -m**2 - 9 - 2 + m**3 + 0*m**3 + 2. What is y(0)?
-9
Let m(d) = -d - 6. Let t(i) = -1. Let a(s) = m(s) + t(s). What is a(-7)?
0
Let c(o) = 4*o - 2. Suppose -8 = 5*q - q. Give c(q).
-10
Let o(f) = 3*f + 4. Let a = 14 + -10. Let h = a + -7. Determine o(h).
-5
Let z(q) = -6*q**3 + 3*q**2 + 9*q. Let x(n) = n**2 - 8*n + 6*n**2 - 10*n**2 + 5*n**3. Let y(b) = 7*x(b) + 6*z(b). Calculate y(-2).
0
Suppose -4*q - 1 = 11. Let z(u) be the first derivative of u**6/360 + u**5/30 + 2*u**3/3 + 1. Let y(l) be the third derivative of z(l). What is y(q)?
-3
Let p(h) = -h + 1. Let s = -4 + 6. Determine p(s).
-1
Let x(v) = v**3 - 3*v - 1. Let c be x(-2). Let p be 10/(-4) - c/6. Let q(j) = 2*j**2 + 2*j. What is q(p)?
4
Let d(b) = 4*b**2 + 6*b**3 + 2*b - b + 1 - 3*b**2. Let a = -2 - -1. Calculate d(a).
-5
Let r = 4 - 2. Let c(y) = -2*y**3 + y**2 + 2*y - 3. Give c(r).
-11
Let g = -61 + 65. Let q(w) be the second derivative of 1/3*w**g - 1/3*w**3 + 0 + 3/2*w**2 - w - 1/20*w**5. Determine q(3).
6
Let y be (-2 - -4) + -4 - (-1 + 3). Let m(c) = 3*c. Determine m(y).
-12
Let n(m) = -m**2 - 2*m + 6. Let d be n(-3). Let t(x) = -3 + 1 + 5 - 2*x. What is t(d)?
-3
Suppose -a - 2*s + 3 = 0, 2*s = a + s - 15. Let n(v) = -6*v - v**2 + 1 - a + 4. What is n(-6)?
-6
Suppose 2*u + 10 = 2*r, -16 = -4*r + 2*r + 4*u. Let n(l) = l - r*l - 3 + 2. Let q = 15 - 11. Calculate n(q).
-5
Let u(s) = 3*s + 3. Suppose 3*o + 3 = -6. What is u(o)?
-6
Suppose 4*o - 14 = 2. Let w = o + -6. Let h = -1 - w. Let d(i) = -6*i**2 - i. Determine d(h).
-7
Let o(j) be the third derivative of j**8/6720 - j**7/840 + j**5/60 - 3*j**4/8 + 4*j**2. Let h(r) be the second derivative of o(r). Calculate h(3).
2
Let h(l) = l**2 - 5*l + 7. Let m(w) = w**2 - 5*w + 7. Let p(v) = -7*h(v) + 6*m(v). Suppose 21 = 3*a + a + x, 1 = a - 4*x. What is p(a)?
-7
Let b(m) = m**3 - 6*m**2 + 4*m + 7. Let a = -2 + 11. Let r be 48/a + 3/(-9). Calculate b(r).
2
Let u(w) = 9*w**2 + w - 1. Let b be u(1). Let a(p) = -7 + 3*p + 12 - b*p + p**2. Determine a(4).
-3
Let v(j) = j**2 - 6*j - 1. Let s(m) be the first derivative of -m**4/4 - m**3/3 - m**2/2 - 11*m + 3. Let x be s(0). Let p = x - -16. Determine v(p).
-6
Let i = 18 + -17. Let j(x) = x**3 - 2*x**2 + 2*x - 1. Let t be j(i). Let n(a) = -a**2 + 11. Give n(t).
11
Let x(q) = q + 6. Suppose -2 = 3*w - 4*w. Suppose 2*g + w*b + 4 = 0, -2*g + 5*b + 4 = 3*b. What is x(g)?
6
Let q(a) be the second derivative of a**3 - 2*a**2 - 31*a. Calculate q(3).
14
Suppose -5*f + 6*f = -1. Let b(g) = -2*g**3 - g**2 + g + 1. Calculate b(f).
1
Let i be ((-3)/2)/(12/(-8)). Suppose 5*x + i - 46 = 0. Let d(q) = x*q**3 + 1 - 54*q + 54*q - 2*q**2. What is d(-1)?
-10
Suppose -2*k + 13 = 5. Let u(d) = 2*d - 4. Determine u(k).
4
Let q(z) = -z + 4. Let i be q(4). Let x(l) = -l + 8 + 8 + l**2 - 4 + l**3. Determine x(i).
12
Let u(l) = l + 1. Let o be -5 - -6 - 14*1. Suppose 5*h - 28 - 3 = -2*j, 0 = h + 1. Let g = o + j. Give u(g).
6
Let n = 8 - 5. Suppose 4*u + 17 = g, n*u + 2 = -7. Let t(j) = j**2 - 6 - 5*j - 1 + 1. Calculate t(g).
-6
Suppose -6*w - 27 + 69 = 0. Let p(o) = -o**3 + 7*o**2 - 2*o + 1. Give p(w).
-13
Suppose 5*r + 4*p + 5 = 3, 2*r = -p - 2. Let v = -3 - r. Let g(z) = -1 + 7*z**3 - z - z**2 + z - 2*z. Determine g(v).
-7
Let m(r) = r**2 + 6*r - 4. Let h(t) = t - 17. Let d be h(10). Calculate m(d).
3
Let h = 11 + -5. Suppose h*f = p + f, -4*p + 21 = f. Let d(a) = -a - 1. Let n(u) = -u - 7. Let j(r) = -2*d(r) + n(r). Determine j(p).
0
Let o(x) = x**2 + 10*x + 8. Let a(n) = 5*n - 2. Let i be a(-1). Determine o(i).
-13
Let v(s) be the third derivative of -2*s**5/15 + s**4/12 - s**3/6 + 2*s**2. Determine v(1).
-7
Let d(f) = -f**2 + 5*f - 4*f**2 + 1 - 4*f + 4*f**2. Give d(3).
-5
Let n(r) = -r**3 + 7*r**2 - 5*r + 6. Let y be 9/2*2/3. Suppose 4*w - 4 = 0, -y*q = 2*q - 4*w - 26. Determine n(q).
12
Let z(f) be the third derivative of f**5/60 - f**4/3 + f**3/3 + f**2 - 5*f. Determine z(7).
-5
Let a = 5 - 8. Let j be (a/6)/((-1)/10). Let b(p) = -5*p**2. Let m(v) = 4*v**2 - v. Let d(r) = 3*b(r) + 4*m(r). Calculate d(j).
5
Let h(x) = 2*x**2 - 2*x. Let s be (-38)/(-9) + 8/(-36). Let w = 6 - s. Calculate h(w).
4
Let z(f) = 4*f**3 + 3*f**2 + 2*f + 3. Let l be ((-3)/(-3))/(2/(-6)) - -1. What is z(l)?
-21
Let c(w) = -21*w + 1. Suppose 0 = -6*i + 4*i + 2. What is c(i)?
-20
Let k(f) = f**3 + 6*f**2 + 2*f + 9. Suppose 3*r + 6 = 0, x = -0*x - 4*r - 14. Calculate k(x).
-3
Let o(x) = x + 19. Let v be o(-14). Let p(d) = -d + 3. Determine p(v).
-2
Let k be (-2 - -4) + 3 + -2. Let m(b) = -b**2 - 2*b - 3 + k*b + 4. Give m(1).
1
Let v(t) = 264*t + 10*t**2 - 26*t**2 - 263*t. Determine v(1).
-15
Let i(d) = -5*d**2 - 8*d - 10. Let z = 6 - 4. Let k(j) = 14 + 10 - 3 + 17*j + 11*j**z. Let u(w) = 9*i(w) + 4*k(w). What is u(-4)?
-6
Suppose 4*l - 20 = -4. Let k(q) = 9*q - 3*q + l - 4. Give k(1).
6
Let h = -18 + 6. Let r = h + 7. Let y(c) = c**3 + 5*c**2 + c + 5. What is y(r)?
0
Let h(t) = t. Suppose 0 = 5*o - 3*o - 4. Suppose 0*k + 2 = o*k. Give h(k).
1
Suppose 5*x + 6 = 6*x. Suppose 4*j - x = 6. Let c(w) = -w**2 + w + 2. What is c(j)?
-4
Suppose 0 = -2*f - 2*f - 3*w - 19, -2*f + 5*w + 23 = 0. Let u(b) = -1. Let y(d) = -d + 3. Let i(o) = f*y(o) - 5*u(o). Suppose 0 + 4 = -t. Give i(t).
-2
Suppose -3*z - 1 = -19. Let m(o) = z - 6*o**2 + 5 + 3*o - 13 + o**3. What is m(5)?
-12
Let y(i) = -4*i + 2. Let m(k) = -2*k - 1. Let w be m(1). Give y(w).
14
Let u(t) be the second derivative of -t**4/12 - 5*t**3/6 + 3*t**2/2 + t. Let r(b) be the first derivative of u(b). Give r(-4).
3
Suppose 8 = -c - 2*h, 0*h = 3*c + h + 14. Let q(d) be the third derivative of d**5/60 + 5*d**4/24 + 9*d**2. Give q(c).
-4
Suppose -4*n + 9 + 7 = 0. Suppose n*a = 2*a - 12. Let m be -2*3/(a/2). Let w(j) = j**3 - 3*j**2 + j. Calculate w(m).
-2
Let g(q) = -14*q + 50. Let k(c) = 5*c - 17. Let f(d) = -4*g(d) - 11*k(d). Calculate f(7).
-6
Suppose 0 = 2*t - 5 + 1. Let q(c) = 8 - t*c + 5*c - 8. Determine q(2).
6
Let l(w) = -w**2 + 4*w - 2. Let v be l(2). Suppose -7 + 3 = v*f. Let x(p) = p + 2. Give x(f).
0
Let t(c) = -c**3 + 6*c**2 - 7*c + 4. Let i = -32 - -23. Let k = 14 + i. What is t(k)?
-6
Let a(h) = 2*h**3 + 1. Let s(l) = l**3 + 8*l**2 + 17*l + 3. Let c be s(-4). Determine a(c).
-1
Let q(n) = -4*n + 1 + n - 4*n. Let s be (-4 - -3)*2*1. Let